{"id":1637,"date":"2023-01-25T10:53:30","date_gmt":"2023-01-25T13:53:30","guid":{"rendered":"https:\/\/escolaomega.net\/novosite\/?page_id=1637"},"modified":"2023-03-31T09:06:28","modified_gmt":"2023-03-31T12:06:28","slug":"curso-capacitacao-em-seguranca-do-paciente-e-direito-medico-pagamento","status":"publish","type":"page","link":"https:\/\/escolaomega.net\/novosite\/curso-capacitacao-em-seguranca-do-paciente-e-direito-medico-pagamento\/","title":{"rendered":"Curso Capacita\u00e7\u00e3o em Seguran\u00e7a do Paciente e Direito M\u00e9dico &#8211; Pagamento"},"content":{"rendered":"\n<hr class=\"wp-block-separator has-css-opacity\"\/>\n\n\n\n<h3 class=\"has-text-align-center wp-block-heading\"><strong>Curso Capacita\u00e7\u00e3o em Seguran\u00e7a do Paciente e Direito M\u00e9dico<\/strong><\/h3>\n\n\n\n<p><\/p>\n\n\n\n<hr class=\"wp-block-separator has-alpha-channel-opacity\"\/>\n\n\n\n<h2 class=\"has-text-align-center wp-block-heading\"><strong>TURMA 1 &#8211; PRESENCIAL<\/strong><\/h2>\n\n\n\n<h4 class=\"has-text-align-center wp-block-heading\">OP\u00c7\u00d5ES DE PAGAMENTO:<\/h4>\n\n\n\n<figure class=\"wp-block-table aligncenter is-style-regular\"><table class=\"has-background\" style=\"background-color:#f3f4f5\"><tbody><tr><td><\/td><td class=\"has-text-align-center\" data-align=\"center\">PAGAMENTO \u00c0 VISTA<\/td><td class=\"has-text-align-center\" data-align=\"center\">VALOR<\/td><td> TOTAL <\/td><\/tr><tr><td>TURMA 1 PRESENCIAL<\/td><td class=\"has-text-align-center\" data-align=\"center\"> BOLETO<\/td><td class=\"has-text-align-center\" data-align=\"center\">  <a href=\"https:\/\/www.asaas.com\/c\/801353631135\" target=\"_blank\" rel=\"noreferrer noopener\">R$ 450,00 &#8211;  Clique aqui!<\/a>  <\/td><td> R$ 450,00  <\/td><\/tr><\/tbody><\/table><\/figure>\n\n\n\n<h4 class=\"has-text-align-center wp-block-heading\"><\/h4>\n\n\n\n<figure class=\"wp-block-table aligncenter is-style-regular\"><table class=\"has-background\" style=\"background-color:#f3f4f5\"><tbody><tr><td><\/td><td class=\"has-text-align-center\" data-align=\"center\">PAGAMENTO PARCELADO<\/td><td class=\"has-text-align-center\" data-align=\"center\">VALOR<\/td><td class=\"has-text-align-center\" data-align=\"center\">TOTAL<\/td><\/tr><tr><td>TURMA 1 PRESENCIAL<\/td><td class=\"has-text-align-center\" data-align=\"center\">CART\u00c3O DE CR\u00c9DITO<\/td><td class=\"has-text-align-center\" data-align=\"center\"><a rel=\"noreferrer noopener\" href=\"https:\/\/pagamento.gerencianet.com.br\/botao-de-pagamento\/90675ac7-867d-4b1b-bb02-0d9a87469244\" target=\"_blank\">1x de R$ 450,00 &#8211;<\/a><a rel=\"noreferrer noopener\" href=\"https:\/\/pagamento.gerencianet.com.br\/botao-de-pagamento\/90675ac7-867d-4b1b-bb02-0d9a87469244\" target=\"_blank\"> <\/a><a rel=\"noreferrer noopener\" href=\"https:\/\/pagamento.gerencianet.com.br\/botao-de-pagamento\/90675ac7-867d-4b1b-bb02-0d9a87469244\" target=\"_blank\">S<\/a><a rel=\"noreferrer noopener\" href=\"https:\/\/pagamento.gerencianet.com.br\/botao-de-pagamento\/90675ac7-867d-4b1b-bb02-0d9a87469244\" target=\"_blank\">e<\/a><a rel=\"noreferrer noopener\" href=\"https:\/\/pagamento.gerencianet.com.br\/botao-de-pagamento\/90675ac7-867d-4b1b-bb02-0d9a87469244\" target=\"_blank\">m<\/a><a rel=\"noreferrer noopener\" href=\"https:\/\/pagamento.gerencianet.com.br\/botao-de-pagamento\/90675ac7-867d-4b1b-bb02-0d9a87469244\" target=\"_blank\"> <\/a><a rel=\"noreferrer noopener\" href=\"https:\/\/pagamento.gerencianet.com.br\/botao-de-pagamento\/90675ac7-867d-4b1b-bb02-0d9a87469244\" target=\"_blank\">J<\/a><a rel=\"noreferrer noopener\" href=\"https:\/\/pagamento.gerencianet.com.br\/botao-de-pagamento\/90675ac7-867d-4b1b-bb02-0d9a87469244\" target=\"_blank\">u<\/a><a rel=\"noreferrer noopener\" href=\"https:\/\/pagamento.gerencianet.com.br\/botao-de-pagamento\/90675ac7-867d-4b1b-bb02-0d9a87469244\" target=\"_blank\">r<\/a><a rel=\"noreferrer noopener\" href=\"https:\/\/pagamento.gerencianet.com.br\/botao-de-pagamento\/90675ac7-867d-4b1b-bb02-0d9a87469244\" target=\"_blank\">o<\/a><a rel=\"noreferrer noopener\" href=\"https:\/\/pagamento.gerencianet.com.br\/botao-de-pagamento\/90675ac7-867d-4b1b-bb02-0d9a87469244\" target=\"_blank\">s<\/a><a rel=\"noreferrer noopener\" href=\"https:\/\/pagamento.gerencianet.com.br\/botao-de-pagamento\/90675ac7-867d-4b1b-bb02-0d9a87469244\" target=\"_blank\"> <\/a><a href=\"https:\/\/pagamento.gerencianet.com.br\/botao-de-pagamento\/90675ac7-867d-4b1b-bb02-0d9a87469244\" target=\"_blank\" rel=\"noreferrer noopener\">&#8211;<\/a><a rel=\"noreferrer noopener\" href=\"https:\/\/pagamento.gerencianet.com.br\/botao-de-pagamento\/90675ac7-867d-4b1b-bb02-0d9a87469244\" target=\"_blank\">  Clique aqui!<\/a>  <\/td><td class=\"has-text-align-center\" data-align=\"center\"> R$ 450,00 <\/td><\/tr><tr><td>TURMA 1 PRESENCIAL<\/td><td class=\"has-text-align-center\" data-align=\"center\">CART\u00c3O DE CR\u00c9DITO<\/td><td class=\"has-text-align-center\" data-align=\"center\"><a rel=\"noreferrer noopener\" href=\"https:\/\/pagamento.gerencianet.com.br\/botao-de-pagamento\/90675ac7-867d-4b1b-bb02-0d9a87469244\" target=\"_blank\">2x de R$ 225,00 &#8211; Sem Juros &#8211;  Clique aqui!<\/a>  <\/td><td class=\"has-text-align-center\" data-align=\"center\">R$ 450,00<\/td><\/tr><tr><td>TURMA 1 PRESENCIAL<\/td><td class=\"has-text-align-center\" data-align=\"center\">CART\u00c3O DE CR\u00c9DITO<\/td><td class=\"has-text-align-center\" data-align=\"center\"><a href=\"https:\/\/www.asaas.com\/c\/851847027715\" target=\"_blank\" rel=\"noreferrer noopener\">10x de R$ 55<\/a><a rel=\"noreferrer noopener\" href=\"https:\/\/www.asaas.com\/c\/851847027715\" target=\"_blank\">,00 &#8211;  Clique aqui!<\/a><\/td><td class=\"has-text-align-center\" data-align=\"center\">R$ 550,00<\/td><\/tr><\/tbody><\/table><\/figure>\n\n\n\n<p><\/p>\n\n\n\n<hr class=\"wp-block-separator has-css-opacity\"\/>\n\n\n\n<h2 class=\"has-text-align-center wp-block-heading\"><strong>TURMA 2 &#8211; ONLINE (EAD)<\/strong><\/h2>\n\n\n\n<h4 class=\"has-text-align-center wp-block-heading\">OP\u00c7\u00d5ES DE PAGAMENTO:<\/h4>\n\n\n\n<figure class=\"wp-block-table aligncenter is-style-regular\"><table class=\"has-background\" style=\"background-color:#f3f4f5\"><tbody><tr><td><\/td><td class=\"has-text-align-center\" data-align=\"center\">PAGAMENTO \u00c0 VISTA<\/td><td class=\"has-text-align-center\" data-align=\"center\">VALOR<\/td><td> TOTAL <\/td><\/tr><tr><td>TURMA 2 ONLINE (EAD)<\/td><td class=\"has-text-align-center\" data-align=\"center\"> BOLETO<\/td><td class=\"has-text-align-center\" data-align=\"center\">  <a href=\"https:\/\/www.asaas.com\/c\/672727965764\" target=\"_blank\" rel=\"noreferrer noopener\">R$ 450,00 &#8211;  Clique aqui!<\/a>  <\/td><td> R$ 450,00  <\/td><\/tr><\/tbody><\/table><\/figure>\n\n\n\n<h4 class=\"has-text-align-center wp-block-heading\"><\/h4>\n\n\n\n<figure class=\"wp-block-table aligncenter is-style-regular\"><table class=\"has-background\" style=\"background-color:#f3f4f5\"><tbody><tr><td><\/td><td class=\"has-text-align-center\" data-align=\"center\">PAGAMENTO PARCELADO<\/td><td class=\"has-text-align-center\" data-align=\"center\">VALOR<\/td><td class=\"has-text-align-center\" data-align=\"center\">TOTAL<\/td><\/tr><tr><td>TURMA 2 ONLINE (EAD)<\/td><td class=\"has-text-align-center\" data-align=\"center\">CART\u00c3O DE CR\u00c9DITO<\/td><td class=\"has-text-align-center\" data-align=\"center\"><a rel=\"noreferrer noopener\" href=\"https:\/\/pagamento.gerencianet.com.br\/botao-de-pagamento\/7a2bc3b5-5fb6-49ed-8cc4-e0fb5389bb06\" target=\"_blank\">1x de R$ 450,00 <\/a><a rel=\"noreferrer noopener\" href=\"https:\/\/pagamento.gerencianet.com.br\/botao-de-pagamento\/7a2bc3b5-5fb6-49ed-8cc4-e0fb5389bb06\" target=\"_blank\">&#8211;<\/a><a rel=\"noreferrer noopener\" href=\"https:\/\/pagamento.gerencianet.com.br\/botao-de-pagamento\/7a2bc3b5-5fb6-49ed-8cc4-e0fb5389bb06\" target=\"_blank\"> <\/a><a rel=\"noreferrer noopener\" href=\"https:\/\/pagamento.gerencianet.com.br\/botao-de-pagamento\/7a2bc3b5-5fb6-49ed-8cc4-e0fb5389bb06\" target=\"_blank\">S<\/a><a rel=\"noreferrer noopener\" href=\"https:\/\/pagamento.gerencianet.com.br\/botao-de-pagamento\/7a2bc3b5-5fb6-49ed-8cc4-e0fb5389bb06\" target=\"_blank\">e<\/a><a rel=\"noreferrer noopener\" href=\"https:\/\/pagamento.gerencianet.com.br\/botao-de-pagamento\/7a2bc3b5-5fb6-49ed-8cc4-e0fb5389bb06\" target=\"_blank\">m<\/a><a rel=\"noreferrer noopener\" href=\"https:\/\/pagamento.gerencianet.com.br\/botao-de-pagamento\/7a2bc3b5-5fb6-49ed-8cc4-e0fb5389bb06\" target=\"_blank\"> <\/a><a rel=\"noreferrer noopener\" href=\"https:\/\/pagamento.gerencianet.com.br\/botao-de-pagamento\/7a2bc3b5-5fb6-49ed-8cc4-e0fb5389bb06\" target=\"_blank\">J<\/a><a rel=\"noreferrer noopener\" href=\"https:\/\/pagamento.gerencianet.com.br\/botao-de-pagamento\/7a2bc3b5-5fb6-49ed-8cc4-e0fb5389bb06\" target=\"_blank\">u<\/a><a rel=\"noreferrer noopener\" href=\"https:\/\/pagamento.gerencianet.com.br\/botao-de-pagamento\/7a2bc3b5-5fb6-49ed-8cc4-e0fb5389bb06\" target=\"_blank\">r<\/a><a rel=\"noreferrer noopener\" href=\"https:\/\/pagamento.gerencianet.com.br\/botao-de-pagamento\/7a2bc3b5-5fb6-49ed-8cc4-e0fb5389bb06\" target=\"_blank\">o<\/a><a rel=\"noreferrer noopener\" href=\"https:\/\/pagamento.gerencianet.com.br\/botao-de-pagamento\/7a2bc3b5-5fb6-49ed-8cc4-e0fb5389bb06\" target=\"_blank\">s<\/a><a href=\"https:\/\/pagamento.gerencianet.com.br\/botao-de-pagamento\/7a2bc3b5-5fb6-49ed-8cc4-e0fb5389bb06\" target=\"_blank\" rel=\"noreferrer noopener\"> <\/a><a rel=\"noreferrer noopener\" href=\"https:\/\/pagamento.gerencianet.com.br\/botao-de-pagamento\/7a2bc3b5-5fb6-49ed-8cc4-e0fb5389bb06\" target=\"_blank\">&#8211;  Clique aqui!<\/a>  <\/td><td class=\"has-text-align-center\" data-align=\"center\"> R$ 450,00 <\/td><\/tr><tr><td>TURMA 2 ONLINE (EAD)<\/td><td class=\"has-text-align-center\" data-align=\"center\">CART\u00c3O DE CR\u00c9DITO<\/td><td class=\"has-text-align-center\" data-align=\"center\"><a rel=\"noreferrer noopener\" href=\"https:\/\/pagamento.gerencianet.com.br\/botao-de-pagamento\/7a2bc3b5-5fb6-49ed-8cc4-e0fb5389bb06\" target=\"_blank\">2x de R$ 225,00 &#8211; Sem Juros &#8211;  Clique aqui!<\/a><\/td><td class=\"has-text-align-center\" data-align=\"center\">R$ 450,00<\/td><\/tr><tr><td>TURMA 2 ONLINE (EAD)<\/td><td class=\"has-text-align-center\" data-align=\"center\">CART\u00c3O DE CR\u00c9DITO<\/td><td class=\"has-text-align-center\" data-align=\"center\"><a rel=\"noreferrer noopener\" href=\"https:\/\/checkout.juno.com.br\/#\/paymentLink\/0085FB4FC7EEC0E1\/copy\" target=\"_blank\">10<\/a><a href=\"https:\/\/www.asaas.com\/c\/337160359054\" target=\"_blank\" rel=\"noreferrer noopener\">x de R$ 55,00 &#8211;  Clique aqui!<\/a><\/td><td class=\"has-text-align-center\" data-align=\"center\">R$ 550,00<\/td><\/tr><\/tbody><\/table><\/figure>\n\n\n\n<hr class=\"wp-block-separator has-css-opacity\"\/>\n\n\n\n<h4 class=\"has-text-align-center wp-block-heading\"><\/h4>\n\n\n\n<p><\/p>\n","protected":false},"excerpt":{"rendered":"<p>Curso Capacita\u00e7\u00e3o em Seguran\u00e7a do Paciente e Direito M\u00e9dico TURMA 1 &#8211; PRESENCIAL OP\u00c7\u00d5ES DE PAGAMENTO: PAGAMENTO \u00c0 VISTA VALOR TOTAL TURMA 1 PRESENCIAL BOLETO R$ 450,00 &#8211; Clique aqui! R$ 450,00 PAGAMENTO PARCELADO VALOR TOTAL TURMA 1 PRESENCIAL CART\u00c3O DE CR\u00c9DITO 1x de R$ 450,00 &#8211; Sem Juros &#8211; Clique aqui! R$ 450,00 TURMA [&hellip;]<\/p>\n","protected":false},"author":1,"featured_media":863,"parent":0,"menu_order":0,"comment_status":"closed","ping_status":"closed","template":"template\/template-page-full-width.php","meta":{"footnotes":""},"class_list":["post-1637","page","type-page","status-publish","has-post-thumbnail","hentry"],"_links":{"self":[{"href":"https:\/\/escolaomega.net\/novosite\/wp-json\/wp\/v2\/pages\/1637","targetHints":{"allow":["GET"]}}],"collection":[{"href":"https:\/\/escolaomega.net\/novosite\/wp-json\/wp\/v2\/pages"}],"about":[{"href":"https:\/\/escolaomega.net\/novosite\/wp-json\/wp\/v2\/types\/page"}],"author":[{"embeddable":true,"href":"https:\/\/escolaomega.net\/novosite\/wp-json\/wp\/v2\/users\/1"}],"replies":[{"embeddable":true,"href":"https:\/\/escolaomega.net\/novosite\/wp-json\/wp\/v2\/comments?post=1637"}],"version-history":[{"count":14,"href":"https:\/\/escolaomega.net\/novosite\/wp-json\/wp\/v2\/pages\/1637\/revisions"}],"predecessor-version":[{"id":1762,"href":"https:\/\/escolaomega.net\/novosite\/wp-json\/wp\/v2\/pages\/1637\/revisions\/1762"}],"wp:featuredmedia":[{"embeddable":true,"href":"https:\/\/escolaomega.net\/novosite\/wp-json\/wp\/v2\/media\/863"}],"wp:attachment":[{"href":"https:\/\/escolaomega.net\/novosite\/wp-json\/wp\/v2\/media?parent=1637"}],"curies":[{"name":"wp","href":"https:\/\/api.w.org\/{rel}","templated":true}]}}